 84427, -54*v + 56*v = -q*a + 84421. Is a prime?
True
Is ((-591472)/32 - 60)/(1 + (-23)/22) a composite number?
True
Suppose 3765935 = 332*s - 3248893. Is s prime?
False
Let t(h) = -h**3 + 2*h**2 - h. Let y be t(1). Suppose y*m + 2*m = -10, n - 5*m = 29. Suppose 2*g + g = -4*d + 491, -2*g + 294 = -n*d. Is g composite?
False
Is -11 + 5 - ((-28822 - (9 + -2)) + -6) prime?
False
Suppose 3*f - 714 = f. Let h(m) = -m**3 - 13*m**2 - 12*m + 6. Let k be h(-12). Is -2*f/k*-1 a composite number?
True
Suppose 0 = 6*t + 21795 + 42939. Let b = -7641 - t. Suppose -4*a + b = -1456. Is a a composite number?
False
Let h be -5*2/15 - (-70)/(-3). Let t = h + -807. Let z = -385 - t. Is z prime?
False
Let f = -17 - -20. Suppose f = r + 5*m + 28, -m - 5 = 3*r. Suppose -16*w + r*w = -624. Is w a composite number?
True
Let q = 22830 + 8177. Is q a composite number?
True
Suppose 36*l = 23*l + 65. Suppose -2*f + 60351 = 2*f + l*r, f - 15090 = r. Is f a composite number?
True
Suppose 7 = 2*b - 215. Suppose 0 = 4*a, -3*a - 6 + b = 5*w. Suppose -w*v + 26*v = 455. Is v prime?
False
Suppose -288 = -5*s - u + 944, s = -u + 248. Let t = -83 + s. Is t prime?
True
Let z = 19641 + -8546. Suppose -1153 = -8*p + z. Is p a composite number?
False
Let r = 237 + -153. Suppose -58522 = -r*t + 26*t. Is t a composite number?
False
Let p = -151271 + 220782. Is p a prime number?
False
Let y(l) = -14898*l + 14485. Is y(-35) a prime number?
False
Suppose -2*d = 25*d + 37314. Is d*(-2)/(-12)*-6 a prime number?
False
Suppose g = -5, 3*k = 2*g + 2984 - 11005. Let n = -8068 + 12082. Let l = k + n. Is l composite?
True
Suppose 29888 = 17*x + 15*x. Suppose -3*s = -x - 10763. Is s prime?
False
Let q = -700 + 704. Is (-1374)/(-12)*62 + q a composite number?
False
Suppose -h - 3*s = -8*s + 5, -s + 1 = 0. Let v(d) = -d**3 - d + 4. Let z be v(h). Suppose -2876 = -8*i + z*i. Is i composite?
False
Suppose -3*f - 7*f = -10. Let j be 82/2 + (-6)/(-3). Is ((-27133)/j)/((-1*1)/f) prime?
True
Is 16/(288/12249)*34 a composite number?
True
Let x(r) = -6*r - 29. Let h be x(-6). Suppose -9*o + h*o - 18271 = -3*t, -2*t + 12164 = 2*o. Is t a composite number?
True
Suppose 6*z - 24 = -6*z. Suppose 3*d - 10455 = 4*o, -z*d + 8724 - 1753 = -3*o. Is d a composite number?
True
Let g = -648 + 731. Suppose -100034 = -105*v + g*v. Is v a composite number?
False
Let g = 7021 + 2896. Is g a prime number?
False
Let o = 2237171 - 1126654. Is o a prime number?
True
Let y be ((-33)/(-132))/((-2)/8). Let r(k) = 8977*k**2 - 10*k - 10. Is r(y) a composite number?
True
Let u = 17 - 5. Let b = 12 - u. Suppose b*x - 6*x = -8166. Is x a composite number?
False
Suppose -66780 = -15*n + 5*n. Suppose 3*r = 3*y - 18666, 2*y - 3*r = 5770 + n. Is y composite?
True
Let m(t) = -71*t - 216. Let x be m(-38). Suppose 129*q - 127*q - x = 0. Is q a prime number?
False
Is (-77)/308 + 1107629/4 a prime number?
True
Let d be 4 + -10 + 8 - -1. Suppose -2*x - 2*l = d*l - 17683, 5*x + 5*l - 44230 = 0. Is x composite?
False
Let a(o) = -15140*o + 273. Is a(-2) a composite number?
False
Let p be 27/2 + 6/(-4). Let r(t) = 151*t + 1 - p + 621*t - 100*t. Is r(3) a prime number?
False
Let d(s) = 346*s**2 - 53*s + 78. Let g be d(31). Suppose 0*c - 13*c = -g. Is c prime?
True
Suppose 10*w - 46493 - 41647 = 0. Suppose 11023 = 5*z + 4*m, z - 5*z - m + w = 0. Is z composite?
False
Is (4164/48)/((-7)/(-308)) a prime number?
False
Is (-7 + 8)/(340629/227082 - 9/6) a composite number?
False
Let z(w) = -4*w - 31. Let c be z(-10). Let l = c + -11. Is (-2)/(-4) - (1 - (-663)/l) a prime number?
True
Suppose -5*o + a - 205528 = -9*o, 4*o = 5*a + 205552. Is o prime?
True
Suppose 340583 = 3*n + 4*o - 329642, -2*o - 223395 = -n. Is n prime?
True
Suppose 4*y + 0*y - 3*c + 75534 = 0, 0 = y + 2*c + 18878. Let g = y - -30905. Is g a prime number?
False
Suppose -10*k + 671 = 171. Let l = -48 + k. Suppose 0 = l*v + 2*v + 3*h - 1504, 5*h + 20 = 0. Is v a prime number?
True
Let o(n) = n**3 - 11*n**2 + n + 19. Let b be o(11). Suppose 29*w - b*w = 544. Let f = 1383 + w. Is f composite?
False
Let c(k) = -10*k**3 + 2*k**2 - 4*k + 2. Let m(p) = 6*p - 23. Let f be m(4). Let o be c(f). Let s(x) = 7*x**2 - 14*x - 1. Is s(o) composite?
False
Suppose -41172 = 10*d - 144532. Suppose 4*z - d = -0*x - 4*x, 2*x - 5153 = 3*z. Is x prime?
False
Suppose 8*m = 134738 + 41614. Suppose -m = -3*j - 3*r, 0 = 4*j + 3*r - 33908 + 4515. Is j composite?
False
Let a(c) = -c**2 + 8*c - 4. Let k be a(8). Let n = 15 + k. Let g(y) = 72*y - 1. Is g(n) composite?
True
Let i(o) = o**3 - 2*o**2 - 37*o + 13. Let q = 91 - 81. Is i(q) a prime number?
True
Is 76023*(-68)/(-51) - 5 prime?
True
Let y(t) = t**3 - 4*t**2 - 6*t + 7. Let h be y(5). Let r be (2/(-5))/((-2)/1010). Suppose h*l + 3*i = r, l - 281 = -2*l + i. Is l prime?
False
Let j be (-5 + 3)*(-9)/6. Suppose -j*f + 345 + 396 = 0. Suppose 0 = 2*r + 10, 2*u - 140 = r + f. Is u a composite number?
False
Let a be 2/(-1)*22/(-4). Let q = a - 11. Is (-5)/((-20)/1016) + 3 - q a composite number?
False
Let h(a) = a**2 + 18*a + 39. Let o be h(-16). Let p be (-15)/20 - (-3)/4. Is o/7 - (p + -222) prime?
True
Suppose d - 1 + 12 = l, -l - 3*d = 1. Let a = l - 13. Is 153 + a - (1/(-1) - 0) composite?
False
Suppose -3*g = -8*g - 4*f - 7, f = -3*g - 7. Let j be (72/(-10))/((-2)/((-2800)/g)). Suppose -4*a - 764 = -j. Is a a composite number?
True
Is ((-564)/(-329))/((-4)/(-14)) + 232735 a composite number?
False
Let m = -104 - 146. Let d be ((-12)/(-10))/((-75)/m). Suppose 0 = 3*s - 8 - d. Is s a composite number?
True
Let g = -41 - -43. Suppose g*w - 72 = -64. Suppose 0 = -w*t + 4*q + 1396, t + 2*q = -3*q + 337. Is t a prime number?
True
Let k = 9876 + -7013. Suppose -246*a = -247*a + k. Is a prime?
False
Let h(m) be the first derivative of -58*m**4 - m**3/3 - 3*m**2/2 - 5*m - 53. Is h(-2) prime?
False
Is (-14939)/(-3 + 14 - 12) a prime number?
True
Is 236046*(568/(-48) + 12) prime?
True
Let b(d) = 3*d. Let c be b(1). Suppose 0 = -c*o - 6*o + 27. Suppose -2*k + 412 = -3*v, o = 3*v - 3. Is k composite?
True
Let k(s) = -3*s - 33. Let d be k(-11). Suppose d*x - x + 2115 = 0. Let l = x - 1238. Is l a composite number?
False
Let x(b) be the third derivative of 53*b**5/30 - 5*b**4/12 - 9*b**3/2 - 152*b**2. Is x(12) prime?
False
Let p be 67/13 + (-60)/390. Suppose -4*u - p*b + 14231 = 0, -2*b - 14219 = -4*u - 3*b. Is u a prime number?
False
Suppose -3*r - 71 = -95. Is (-2153*1/4)/((-2)/r) composite?
False
Suppose -d - 3*d + 2252 = 0. Suppose 10*q - d = 6*q - p, 280 = 2*q + 2*p. Is q a composite number?
True
Let d(a) = 58*a**2 - 8*a - 7. Let r(q) = -q**3 - 3*q**2 - 3*q - 4. Let i be r(-3). Suppose 23 = -i*v + 3. Is d(v) prime?
True
Let f be ((-132)/(-8))/(-11)*2152/(-6). Let j = 1056 - f. Suppose 8*d + j = 3486. Is d prime?
False
Suppose 10*a = n + 12*a - 134875, 0 = -3*a - 18. Is n a prime number?
True
Suppose -97*g + 587386 = -842103. Is g a composite number?
False
Suppose -b - 2*z + 10 = 0, -3*b = -7*b - 2*z + 22. Let u = -21 + 16. Is (u/2 + b)*118 a composite number?
True
Suppose 5*o - o = 20. Suppose -o*h - 2*f - 8 = -2*h, 4*h = 2*f + 8. Is 11/((-25)/13 - (-2 - h)) composite?
True
Let q(n) = -n**2 - 10*n - 6. Let g be q(-3). Is 9879*(2 - g/9) prime?
False
Let m(j) = -17*j**3 - 2*j**2 + 16*j + 23. Is m(-5) prime?
False
Suppose 0*d = -d - 440. Let s = 1916 + -3018. Let h = d - s. Is h prime?
False
Let g = 4898 - 3200. Suppose 0 = -4*j + 4, 0*d = d + 5*j - g. Is d composite?
False
Is 328111/6 - (-10 + 976/96) a prime number?
False
Suppose 2*o + 3*q + 8939 = 110344, 5*o = 4*q + 253547. Is o a composite number?
False
Let u(m) be the third derivative of -35*m**4/12 - 5*m**3/6 - 9*m**2 + 4. Is u(-7) a prime number?
False
Suppose 28*a - 23*a + p - 33212 = 0, 5*p = -2*a + 13271. Suppose -g - 19908 = -7*u + 4*u, -u - 2*g + a = 0. Is u a prime number?
True
Suppose 27 = 5*q + 2*b, 0 = -2*q - 2*q - 5*b + 25. Suppose l - 2*i - 231 = 2*i, -5*l - q*i = -1180. Is l prime?
False
Let r(y) = 2 - 50*y - 4 + 1165*y**2 + 237*y**2 + 47*y. Let w be r(-1). Suppose w = 5*n - 392. Is n a composite number?
False
Let x be ((-25)/15)/(3/(-9)). Suppose -3*w - 450 = -x*b - 2266, -b + 608 = w. Let p = -422 + w. Is p a prime number?
False
Let w = 1136251 + -617388. Is w composite?
False
Let v = 8179 + -11580. Is